y 78.
57
Let g be 1/(-6) + 35/210. Suppose -6 + 5 = f, 4*s - 5*f - 89 = g. Calculate the remainder when 103 is divided by s.
19
Let u be 129*(-3 + 80/24). Suppose -u - 7 = -10*v. Calculate the remainder when 25 is divided by v.
0
Let m(j) = j**2 + 5*j + 12. Let h = 1619 - 1345. What is the remainder when h is divided by m(-5)?
10
Calculate the remainder when 4252 is divided by (-1 - (-36)/30)*665.
129
Suppose 86*o - c - 69 = 84*o, 2*o - 63 = -c. Calculate the remainder when 1514 is divided by o.
29
Suppose 0*a + 26 = 5*a + 4*x, x + 1 = 0. Suppose 0 = -2*p + a*p. Suppose 4*f = -p*f + 184. What is the remainder when f is divided by 24?
22
Let a(j) be the third derivative of 2/3*j**4 + 0 + 2/3*j**3 + 6*j**2 + 0*j. Calculate the remainder when a(6) is divided by 17.
15
Let q = -32299 + 33407. What is the remainder when q is divided by 161?
142
Let r(c) = -5 + 23*c**2 - 3*c**3 - 47*c + 69*c + 4*c**3. Let d be r(-22). Calculate the remainder when 6/(-165)*d - 119/(-11) is divided by 7.
4
Let g = -11405 + 11421. Calculate the remainder when (5 + (-1 - -1))*25 is divided by g.
13
Let c(u) = 18*u**2 + 205*u - 18. What is the remainder when 336 is divided by c(-12)?
108
Let l(r) = -87*r - 72 + 96*r - 4*r. What is the remainder when 197 is divided by l(28)?
61
Let k(u) = u**2 - 62*u - 6187. What is the remainder when k(129) is divided by 164?
160
Let f be 19/2*(29 + 29). Suppose f + 814 = 21*p. Calculate the remainder when 1428 is divided by p.
63
Suppose -1204 = -3*s - 4*a, -1607 = -5*s - 3*a + 418. Calculate the remainder when s is divided by 184.
40
Suppose -2*v - 860 = -4*u, -3*u = 44*v - 41*v - 645. Calculate the remainder when 6662 is divided by u.
212
Suppose 40*x = -2*t + 43*x + 64, 5*t + x = 177. Let g = t + 19. Calculate the remainder when g is divided by 29.
25
What is the remainder when (-23 - -20)/((-3)/192) is divided by 36?
12
Let g = -9 + 9. Suppose g*k + 460 = 20*k. Let n(w) = 8*w**2 - w + 7. What is the remainder when n(-3) is divided by k?
13
Let f(h) = 191*h - 64. Let m be f(3). Let k = 638 - m. What is the remainder when k is divided by 13?
12
Let i(n) = 16 + 2*n**2 + 0*n**2 - 14*n - 14 - 3*n**2. Let o = 18 + -26. Calculate the remainder when i(o) is divided by 17.
16
Calculate the remainder when (-4 - 1)*1 + 76 is divided by 14.
1
Let q(w) = 3*w**2 + 29*w + 18. Let k be q(-11). Suppose 10*y - k = 8*y. Suppose 34*f = y*f + 21. Calculate the remainder when 34 is divided by f.
6
Let j = -107 + 107. Suppose -3*i = -2*a + 370, j*i = -a + 3*i + 191. What is the remainder when a is divided by 20?
19
Let t be (5 + (-208)/40)*-20. Suppose -38 + 418 = t*c. Calculate the remainder when c is divided by 27.
14
Let k be 2 + 18/(-2) + 2. Let l(s) be the first derivative of s**4/4 + 7*s**3/3 + 2*s**2 - s + 506. Calculate the remainder when l(k) is divided by 10.
9
Let l be (-1)/(-21)*6*(7 + 0). Suppose -6*z + 39 = t - 4*z, -2*z - l = 0. Calculate the remainder when 244 is divided by t.
39
Let a(t) = t**2 - 30*t - 97. Let x be a(33). Let d = 11 + x. What is the remainder when 26 is divided by d?
0
What is the remainder when (-7)/(-7)*(42220/110 + (-4)/(-22)) is divided by 89?
28
Let c = 10801 - 5447. Calculate the remainder when c is divided by 52.
50
Let f be (-90)/20*4/6. Suppose -2*p + 26 = 4*b, -5*b + 3*p = -p - 65. What is the remainder when b is divided by (-14)/(-3) - (70/15 + f)?
0
Let g = 175 + -156. Suppose -3*r + g = -53. Calculate the remainder when 44 is divided by r.
20
Let c = 328 + -293. Suppose 42*u - 56 = c*u. Calculate the remainder when 13 is divided by u.
5
Let d(s) = -7*s - 9. Let m = 11 - 8. Let z be 1 + (-4 - -1) - m. What is the remainder when d(z) is divided by 14?
12
Suppose -30*h + 38621 = -25939. Calculate the remainder when h is divided by 179.
4
Let k(y) = y**2 + 10*y - 9. Suppose 3*v - 2*v = 4*m + 5, -5*v - 5*m = 75. Let p be k(v). Calculate the remainder when p/4*(2 + 12) is divided by 2.
1
Let m be (0/(-3 + 2))/(-12 - -11). Suppose m = -7*t + 75 - 12. What is the remainder when t is divided by 6?
3
Let z(v) = 64*v + 28. What is the remainder when z(3) is divided by 28?
24
Let h = 8 - -15. Suppose 48*i - 50*i + 132 = 0. Calculate the remainder when h is divided by 606/i + 4/(-22).
5
Let o = -3382 + 3570. Calculate the remainder when 653 is divided by o.
89
Suppose -1131*c + 139 = x - 1136*c, -x - 4*c = -184. Calculate the remainder when 414 is divided by x.
86
Suppose 0 = 3*i + 12, -3*a - 10*i + 11*i + 2494 = 0. Suppose 200*j - 190*j - a = 0. Calculate the remainder when j is divided by 42.
41
Suppose 3*g = -334 + 16. Suppose 0 = 4*x + 7*t - 6*t + 384, 289 = -3*x - t. Let z = x - g. Calculate the remainder when 35 is divided by z.
2
Suppose -2499 - 6361 = -20*o + 960. What is the remainder when o is divided by 38?
35
Suppose -4*u - 2*l + 2 + 6 = 0, 3*u = 5*l + 19. Suppose -6*f - u*d = -4*f + 249, -4*d - 4 = 0. Calculate the remainder when 24/(-36)*f/2 is divided by 22.
19
Suppose -4*h - 13*h + 284 = -175. What is the remainder when 94 is divided by h?
13
Let b = 26732 - 26718. Calculate the remainder when 299 is divided by b.
5
Let m(a) be the second derivative of -3*a**3/2 - 26*a**2 - 53*a. Let d = 12 + -5. What is the remainder when m(-11) is divided by d?
5
Suppose 0 = -5*k + 173 - 8. Let v = 59 - k. Suppose a = 0, -8*x = -5*x - 2*a - 27. What is the remainder when v is divided by x?
8
Let b(j) = 2*j**3 - 55*j**2 + 28*j + 10. Let q be b(27). Suppose q = v + 30. Calculate the remainder when 33 is divided by v.
5
Let f(a) = 143*a + 3482. Calculate the remainder when 202 is divided by f(-24).
2
Suppose -l = -5*z - 48 + 457, 2*l + 413 = 5*z. What is the remainder when 1035/z - (-2)/9 is divided by 8?
5
Let u = -60 - -63. Suppose 3*j - 40 = -i + 4*j, u*i + 4*j - 99 = 0. Suppose -28*s - 783 = -i*s. What is the remainder when s is divided by 18?
15
Suppose -4*u = 2*m - 579 + 349, 4*m - 20 = 0. Calculate the remainder when 179 is divided by u.
14
Let b be (55/(-1))/(11/11). Let w = -50 - b. Suppose 5*c = w*m - 20, 3*m - 4*c = 7*m - 16. Calculate the remainder when 35 is divided by m.
3
Suppose -g + 3*g = -4*x - 154, -2*g + 142 = -4*x. Let j = -38 - x. Calculate the remainder when 12 is divided by -5 + 5 + j*(-6 + 1).
2
Suppose -5*t = r - 24288, 24*t + 2*r = 20*t + 19428. What is the remainder when t is divided by 34?
30
Let g(j) = -224*j + 1877. What is the remainder when g(7) is divided by 284?
25
Let r(i) = i**2 + i + 1. Let m(p) = 20*p**2 - 6*p - 10. Let h(w) = m(w) + r(w). Suppose 600 = 8*u + 624. What is the remainder when h(u) is divided by 28?
27
Let a(s) = -2*s**2 - 3 + 2*s**3 - 1 + 6*s - s. Let v = 635 - 632. What is the remainder when a(v) is divided by 16?
15
Suppose -4*v + 132 = -4*y, -11*y = 3*v - 13*y - 102. What is the remainder when 460 is divided by v?
28
Let f(p) = 1. Let c(d) = 11*d - 2. Let l(o) = -c(o) - 5*f(o). Calculate the remainder when 51 is divided by l(-2).
13
Suppose 3*c - 3 = 3*j + 3, 0 = 2*c + 4*j + 20. Let w be (c/(-4))/(-3*(-3)/(-18)). Let k = w - -38. What is the remainder when 182 is divided by k?
34
Let o = 5940 - 5843. Calculate the remainder when o is divided by (-4)/((-1 + -2)/21).
13
Suppose 6*y - 3*y = 3*w - 177, -y - 171 = -3*w. Suppose w = 7*i - 3*i. What is the remainder when 33/(2*(21/(-6) + 4)) is divided by i?
5
Suppose 2*y + 3*w - 43 = 0, -356*y = -361*y + 4*w + 188. What is the remainder when 4044 is divided by y?
12
Let u(l) = -4*l + 1 + 31*l + 0 - 5. Let y be u(7). Suppose 2*n = -r + 83, y = -5*r - 3*n + 614. What is the remainder when r is divided by 45?
42
Let p = 11785 + -11113. What is the remainder when p is divided by 668?
4
Let h = -34 - -41. Suppose 10 = h*y - 2*y. Suppose -2 = -2*c + 5*a, -4*c + 30 = a + y*a. What is the remainder when 28 is divided by c?
4
Let u(s) = s**3 + 53*s**2 + 151*s + 3202. What is the remainder when u(-51) is divided by 248?
207
Calculate the remainder when (-904)/128 + 7 - ((-17763)/(-16))/(-3) is divided by 64.
50
Calculate the remainder when (-3194)/6*(-58 + 55) is divided by 267.
262
Let u(q) = -1 + 17*q**2 - 3 - 4*q + 6 - 5 + 0*q**2 - 2*q**3. Calculate the remainder when 71 is divided by u(8).
13
Let t = -96 - -99. Suppose t*h - 391 = 2*f, -19*f + 14*f + 248 = 2*h. Calculate the remainder when h is divided by 30.
9
Let t = 2634